{"id":1870,"date":"2018-08-27T07:11:09","date_gmt":"2018-08-27T07:11:09","guid":{"rendered":"http:\/\/lbk-logistik.com\/?page_id=1870"},"modified":"2018-08-27T13:59:04","modified_gmt":"2018-08-27T13:59:04","slug":"lbk-waesche-fuer-lebensmitteltanks","status":"publish","type":"page","link":"https:\/\/lbk-logistik.com\/index.php\/lbk-waesche-fuer-lebensmitteltanks\/","title":{"rendered":"LBK &#8211; W\u00e4sche f\u00fcr Lebensmitteltanks"},"content":{"rendered":"<p>[et_pb_section bb_built=&#8220;1&#8243; _builder_version=&#8220;3.12.2&#8243; background_image=&#8220;http:\/\/lbk-logistik.com\/wp-content\/uploads\/2018\/08\/lbk-logistik_cleaning_edit-295.jpg&#8220; parallax=&#8220;on&#8220; next_background_color=&#8220;#ffffff&#8220;][et_pb_row _builder_version=&#8220;3.12.2&#8243;][et_pb_column type=&#8220;4_4&#8243;][et_pb_divider _builder_version=&#8220;3.12.2&#8243; color=&#8220;#ffffff&#8220; show_divider=&#8220;off&#8220; height=&#8220;100px&#8220; \/][\/et_pb_column][\/et_pb_row][et_pb_row _builder_version=&#8220;3.12.2&#8243;][et_pb_column type=&#8220;4_4&#8243;][et_pb_divider _builder_version=&#8220;3.12.2&#8243; color=&#8220;#ffffff&#8220; show_divider=&#8220;off&#8220; height=&#8220;100px&#8220; \/][\/et_pb_column][\/et_pb_row][et_pb_row][et_pb_column type=&#8220;1_3&#8243;][et_pb_text _builder_version=&#8220;3.12.2&#8243; background_color=&#8220;#e02b20&#8243; custom_margin=&#8220;10px|10px|10px|10px&#8220; custom_padding=&#8220;10px|10px|10px|10px&#8220; header_text_color=&#8220;#ffffff&#8220; saved_tabs=&#8220;all&#8220;]<\/p>\n<h1><strong>LBK &#8211; W\u00e4sche f\u00fcr Lebensmitteltanks<br \/>\n<\/strong><\/h1>\n<p>[\/et_pb_text][\/et_pb_column][et_pb_column type=&#8220;2_3&#8243;][\/et_pb_column][\/et_pb_row][et_pb_row _builder_version=&#8220;3.12.2&#8243;][et_pb_column type=&#8220;4_4&#8243;][et_pb_divider _builder_version=&#8220;3.12.2&#8243; color=&#8220;#ffffff&#8220; show_divider=&#8220;off&#8220; height=&#8220;100px&#8220; \/][\/et_pb_column][\/et_pb_row][et_pb_row][et_pb_column type=&#8220;1_2&#8243;][et_pb_text _builder_version=&#8220;3.12.2&#8243; background_color=&#8220;#e02b20&#8243; custom_margin=&#8220;10px|10px|10px|10px&#8220; custom_padding=&#8220;10px|10px|10px|10px&#8220; header_text_color=&#8220;#ffffff&#8220; saved_tabs=&#8220;all&#8220; text_text_color=&#8220;#ffffff&#8220;]<\/p>\n<h1><strong>HYGIENE MIT ZERTIFIKAT<br \/>\n<\/strong><\/h1>\n<p>&nbsp;<\/p>\n<p>Beim Transport fl\u00fcssiger Lebensmittel ist Hygiene das absolut wichtigste. Bei uns k\u00f6nnen Sie ihre Tanks professionell reinigen lassen und Ihre G\u00fcter mit allen entsprechenden Hygiene Zertifikaten weiter transportieren.<\/p>\n<p>Unser professionelles Reinigungsteam wird laufend geschult und steht Ihnen gerne mit Rat und Tat zur Seite.<\/p>\n<p>[\/et_pb_text][\/et_pb_column][et_pb_column type=&#8220;1_2&#8243;][\/et_pb_column][\/et_pb_row][et_pb_row _builder_version=&#8220;3.12.2&#8243;][et_pb_column type=&#8220;4_4&#8243;][et_pb_divider _builder_version=&#8220;3.12.2&#8243; color=&#8220;#ffffff&#8220; show_divider=&#8220;off&#8220; height=&#8220;100px&#8220; \/][\/et_pb_column][\/et_pb_row][\/et_pb_section][et_pb_section bb_built=&#8220;1&#8243; fullwidth=&#8220;off&#8220; specialty=&#8220;off&#8220; prev_background_color=&#8220;#000000&#8243; next_background_color=&#8220;#000000&#8243;][et_pb_row _builder_version=&#8220;3.12.2&#8243; make_fullwidth=&#8220;on&#8220;][et_pb_column type=&#8220;1_2&#8243;][et_pb_text _builder_version=&#8220;3.12.2&#8243; background_color=&#8220;#e02b20&#8243; custom_margin=&#8220;10px|10px|10px|10px&#8220; custom_padding=&#8220;10px|10px|10px|10px&#8220; header_text_color=&#8220;#ffffff&#8220; saved_tabs=&#8220;all&#8220;]<\/p>\n<h1><strong>Informieren sie sich \u00fcber die LBK Reinigung f\u00fcr Lebensmitteltanks und buchen Sie gleich ihren Termin.<br \/>\n<\/strong><\/h1>\n<p>[\/et_pb_text][et_pb_map _builder_version=&#8220;3.12.2&#8243; zoom_level=&#8220;15&#8243; address_lat=&#8220;47.4735677&#8243; address_lng=&#8220;9.671138499999984&#8243; address=&#8220;Lustenauer Str., 6971 Hard, \u00d6sterreich&#8220; use_grayscale_filter=&#8220;on&#8220; grayscale_filter_amount=&#8220;100&#8243;][et_pb_map_pin _builder_version=&#8220;3.12.2&#8243; zoom_level=&#8220;18&#8243; pin_address_lat=&#8220;47.47562830322972&#8243; pin_address_lng=&#8220;9.671589714016704&#8243; title=&#8220;LBK W\u00e4sche &#8220; pin_address=&#8220;Lustenauer Str. 19, 6971 Hard, \u00d6sterreich&#8220; \/][\/et_pb_map][\/et_pb_column][et_pb_column type=&#8220;1_2&#8243;][et_pb_contact_form _builder_version=&#8220;3.12.2&#8243; title=&#8220;Ihre W\u00e4sche&#8220; success_message=&#8220;Danke f\u00fcr ihre Anfrage&#8220; email=&#8220;office@lbk-logistik.eu&#8220;][et_pb_contact_field field_title=&#8220;Name&#8220; field_type=&#8220;input&#8220; field_id=&#8220;Name&#8220; required_mark=&#8220;on&#8220; fullwidth_field=&#8220;off&#8220; _builder_version=&#8220;3.12.2&#8243; checkbox_checked=&#8220;off&#8220; checkbox_options=&#8220;%91{%22value%22:%22Name%22,%22checked%22:0}%93&#8243; radio_options=&#8220;%91{%22value%22:%22Name%22,%22checked%22:0}%93&#8243; select_options=&#8220;%91{%22value%22:%22Name%22,%22checked%22:0}%93&#8243; min_length=&#8220;0&#8243; max_length=&#8220;0&#8243; allowed_symbols=&#8220;all&#8220; conditional_logic=&#8220;off&#8220; conditional_logic_relation=&#8220;off&#8220; conditional_logic_rules=&#8220;%91{%22field%22:%22firma%22,%22condition%22:%22is%22,%22value%22:%22%22}%93&#8243; use_background_color_gradient=&#8220;off&#8220; background_color_gradient_start=&#8220;#2b87da&#8220; background_color_gradient_end=&#8220;#29c4a9&#8243; background_color_gradient_type=&#8220;linear&#8220; background_color_gradient_direction=&#8220;180deg&#8220; background_color_gradient_direction_radial=&#8220;center&#8220; background_color_gradient_start_position=&#8220;0%&#8220; background_color_gradient_end_position=&#8220;100%&#8220; background_color_gradient_overlays_image=&#8220;off&#8220; parallax=&#8220;off&#8220; parallax_method=&#8220;on&#8220; background_size=&#8220;cover&#8220; background_position=&#8220;center&#8220; background_repeat=&#8220;no-repeat&#8220; background_blend=&#8220;normal&#8220; allow_player_pause=&#8220;off&#8220; background_video_pause_outside_viewport=&#8220;on&#8220; form_field_text_shadow_style=&#8220;none&#8220; box_shadow_style=&#8220;none&#8220; \/][et_pb_contact_field field_title=&#8220;Unternehmen&#8220; field_type=&#8220;input&#8220; field_id=&#8220;Firma&#8220; required_mark=&#8220;on&#8220; fullwidth_field=&#8220;off&#8220; _builder_version=&#8220;3.12.2&#8243; checkbox_checked=&#8220;off&#8220; checkbox_options=&#8220;%91{%22value%22:%22Name%22,%22checked%22:0}%93&#8243; radio_options=&#8220;%91{%22value%22:%22Name%22,%22checked%22:0}%93&#8243; select_options=&#8220;%91{%22value%22:%22Name%22,%22checked%22:0}%93&#8243; min_length=&#8220;0&#8243; max_length=&#8220;0&#8243; allowed_symbols=&#8220;all&#8220; conditional_logic=&#8220;off&#8220; conditional_logic_relation=&#8220;off&#8220; conditional_logic_rules=&#8220;%91{%22field%22:%22name%22,%22condition%22:%22is%22,%22value%22:%22%22}%93&#8243; use_background_color_gradient=&#8220;off&#8220; background_color_gradient_start=&#8220;#2b87da&#8220; background_color_gradient_end=&#8220;#29c4a9&#8243; background_color_gradient_type=&#8220;linear&#8220; background_color_gradient_direction=&#8220;180deg&#8220; background_color_gradient_direction_radial=&#8220;center&#8220; background_color_gradient_start_position=&#8220;0%&#8220; background_color_gradient_end_position=&#8220;100%&#8220; background_color_gradient_overlays_image=&#8220;off&#8220; parallax=&#8220;off&#8220; parallax_method=&#8220;on&#8220; background_size=&#8220;cover&#8220; background_position=&#8220;center&#8220; background_repeat=&#8220;no-repeat&#8220; background_blend=&#8220;normal&#8220; allow_player_pause=&#8220;off&#8220; background_video_pause_outside_viewport=&#8220;on&#8220; form_field_text_shadow_style=&#8220;none&#8220; box_shadow_style=&#8220;none&#8220; \/][et_pb_contact_field _builder_version=&#8220;3.12.2&#8243; field_id=&#8220;Termin&#8220; field_title=&#8220;Ihr Wunschtermin&#8220; field_type=&#8220;input&#8220; checkbox_checked=&#8220;off&#8220; checkbox_options=&#8220;%91{%22value%22:%22%22,%22checked%22:0}%93&#8243; radio_options=&#8220;%91{%22value%22:%22%22,%22checked%22:0}%93&#8243; select_options=&#8220;%91{%22value%22:%22%22,%22checked%22:0}%93&#8243; min_length=&#8220;0&#8243; max_length=&#8220;0&#8243; allowed_symbols=&#8220;all&#8220; required_mark=&#8220;on&#8220; conditional_logic=&#8220;off&#8220; conditional_logic_relation=&#8220;off&#8220; conditional_logic_rules=&#8220;%91{%22field%22:%22name%22,%22condition%22:%22is%22,%22value%22:%22%22}%93&#8243; use_background_color_gradient=&#8220;off&#8220; background_color_gradient_start=&#8220;#2b87da&#8220; background_color_gradient_end=&#8220;#29c4a9&#8243; background_color_gradient_type=&#8220;linear&#8220; background_color_gradient_direction=&#8220;180deg&#8220; background_color_gradient_direction_radial=&#8220;center&#8220; background_color_gradient_start_position=&#8220;0%&#8220; background_color_gradient_end_position=&#8220;100%&#8220; background_color_gradient_overlays_image=&#8220;off&#8220; parallax=&#8220;off&#8220; parallax_method=&#8220;on&#8220; background_size=&#8220;cover&#8220; background_position=&#8220;center&#8220; background_repeat=&#8220;no-repeat&#8220; background_blend=&#8220;normal&#8220; allow_player_pause=&#8220;off&#8220; background_video_pause_outside_viewport=&#8220;on&#8220; fullwidth_field=&#8220;off&#8220; form_field_text_shadow_style=&#8220;none&#8220; box_shadow_style=&#8220;none&#8220; \/][et_pb_contact_field field_title=&#8220;E-Mail-Adresse&#8220; field_type=&#8220;email&#8220; field_id=&#8220;Email&#8220; required_mark=&#8220;on&#8220; fullwidth_field=&#8220;off&#8220; _builder_version=&#8220;3.12.2&#8243; \/][et_pb_contact_field field_title=&#8220;Telefonnummer&#8220; field_type=&#8220;input&#8220; field_id=&#8220;Telefon&#8220; required_mark=&#8220;on&#8220; fullwidth_field=&#8220;off&#8220; _builder_version=&#8220;3.12.2&#8243; checkbox_checked=&#8220;off&#8220; checkbox_options=&#8220;%91{%22value%22:%22E-Mail-Adresse%22,%22checked%22:0}%93&#8243; radio_options=&#8220;%91{%22value%22:%22E-Mail-Adresse%22,%22checked%22:0}%93&#8243; select_options=&#8220;%91{%22value%22:%22E-Mail-Adresse%22,%22checked%22:0}%93&#8243; min_length=&#8220;0&#8243; max_length=&#8220;0&#8243; allowed_symbols=&#8220;all&#8220; conditional_logic=&#8220;off&#8220; conditional_logic_relation=&#8220;off&#8220; conditional_logic_rules=&#8220;%91{%22field%22:%22name%22,%22condition%22:%22is%22,%22value%22:%22%22}%93&#8243; use_background_color_gradient=&#8220;off&#8220; background_color_gradient_start=&#8220;#2b87da&#8220; background_color_gradient_end=&#8220;#29c4a9&#8243; background_color_gradient_type=&#8220;linear&#8220; background_color_gradient_direction=&#8220;180deg&#8220; background_color_gradient_direction_radial=&#8220;center&#8220; background_color_gradient_start_position=&#8220;0%&#8220; background_color_gradient_end_position=&#8220;100%&#8220; background_color_gradient_overlays_image=&#8220;off&#8220; parallax=&#8220;off&#8220; parallax_method=&#8220;on&#8220; background_size=&#8220;cover&#8220; background_position=&#8220;center&#8220; background_repeat=&#8220;no-repeat&#8220; background_blend=&#8220;normal&#8220; allow_player_pause=&#8220;off&#8220; background_video_pause_outside_viewport=&#8220;on&#8220; form_field_text_shadow_style=&#8220;none&#8220; box_shadow_style=&#8220;none&#8220; \/][et_pb_contact_field field_title=&#8220;Nachricht&#8220; field_type=&#8220;text&#8220; field_id=&#8220;Message&#8220; required_mark=&#8220;on&#8220; fullwidth_field=&#8220;on&#8220; _builder_version=&#8220;3.12.2&#8243; \/][\/et_pb_contact_form][\/et_pb_column][\/et_pb_row][et_pb_row _builder_version=&#8220;3.12.2&#8243; make_fullwidth=&#8220;on&#8220; make_equal=&#8220;on&#8220;][et_pb_column type=&#8220;1_2&#8243;][et_pb_text _builder_version=&#8220;3.12.2&#8243; background_color=&#8220;#e02b20&#8243; custom_margin=&#8220;10px|10px|10px|10px&#8220; custom_padding=&#8220;10px|10px|10px|10px&#8220; header_text_color=&#8220;#ffffff&#8220; saved_tabs=&#8220;all&#8220;]<\/p>\n<h1><strong>Das Zertifikat<br \/>\n<\/strong><\/h1>\n<p>[\/et_pb_text][\/et_pb_column][et_pb_column type=&#8220;1_2&#8243;][et_pb_image _builder_version=&#8220;3.12.2&#8243; src=&#8220;http:\/\/lbk-logistik.com\/wp-content\/uploads\/2018\/08\/SQAS_Attestation_1535372180-1.jpg&#8220; show_in_lightbox=&#8220;on&#8220; use_overlay=&#8220;on&#8220; overlay_icon_color=&#8220;#e02b20&#8243; hover_overlay_color=&#8220;rgba(255,255,255,0.75)&#8220; align=&#8220;center&#8220; \/][\/et_pb_column][\/et_pb_row][et_pb_row _builder_version=&#8220;3.12.2&#8243; disabled=&#8220;off&#8220; disabled_on=&#8220;|on|on&#8220;][et_pb_column type=&#8220;4_4&#8243;][et_pb_button _builder_version=&#8220;3.12.2&#8243; button_text=&#8220;Bei LBK Logistik anrufen&#8220; button_url=&#8220;tel:00435574208230&#8243; button_alignment=&#8220;center&#8220; saved_tabs=&#8220;all&#8220; global_module=&#8220;1875&#8243; \/][\/et_pb_column][\/et_pb_row][\/et_pb_section][et_pb_section bb_built=&#8220;1&#8243; specialty=&#8220;off&#8220; prev_background_color=&#8220;#000000&#8243; _builder_version=&#8220;3.12.2&#8243; global_module=&#8220;1940&#8243; next_background_color=&#8220;#000000&#8243;][et_pb_row global_parent=&#8220;1940&#8243;][et_pb_column type=&#8220;4_4&#8243;][et_pb_divider global_parent=&#8220;1940&#8243; _builder_version=&#8220;3.12.2&#8243; \/][\/et_pb_column][\/et_pb_row][\/et_pb_section][et_pb_section bb_built=&#8220;1&#8243; fullwidth=&#8220;on&#8220; specialty=&#8220;off&#8220; prev_background_color=&#8220;#000000&#8243; next_background_color=&#8220;#000000&#8243; _builder_version=&#8220;3.12.2&#8243; box_shadow_style=&#8220;preset3&#8243; box_shadow_color=&#8220;rgba(224,43,32,0.3)&#8220; global_module=&#8220;1942&#8243;][et_pb_fullwidth_portfolio global_parent=&#8220;1942&#8243; _builder_version=&#8220;3.12.2&#8243; include_categories=&#8220;10&#8243; show_date=&#8220;off&#8220; zoom_icon_color=&#8220;#e02b20&#8243; hover_overlay_color=&#8220;rgba(255,255,255,0.9)&#8220; hover_icon=&#8220;%%15%%&#8220; auto=&#8220;on&#8220; auto_speed=&#8220;5000&#8243; \/][\/et_pb_section][et_pb_section bb_built=&#8220;1&#8243; specialty=&#8220;off&#8220; prev_background_color=&#8220;#000000&#8243; _builder_version=&#8220;3.12.2&#8243; global_module=&#8220;1940&#8243;][et_pb_row global_parent=&#8220;1940&#8243;][et_pb_column type=&#8220;4_4&#8243;][et_pb_divider global_parent=&#8220;1940&#8243; _builder_version=&#8220;3.12.2&#8243; \/][\/et_pb_column][\/et_pb_row][\/et_pb_section]<\/p>\n","protected":false},"excerpt":{"rendered":"<p><div class=\"et_pb_row et_pb_row_0 et_pb_row_empty\">\n\t\t\t\t\n\t\t\t\t\n\t\t\t\t\n\t\t\t\t\n\t\t\t\t\n\t\t\t<\/div> LBK &#8211; W\u00e4sche f\u00fcr Lebensmitteltanks <div class=\"et_pb_row et_pb_row_1 et_pb_row_empty\">\n\t\t\t\t\n\t\t\t\t\n\t\t\t\t\n\t\t\t\t\n\t\t\t\t\n\t\t\t<\/div> HYGIENE MIT ZERTIFIKAT &nbsp; Beim Transport fl\u00fcssiger Lebensmittel ist Hygiene das absolut wichtigste. Bei uns k\u00f6nnen Sie ihre Tanks professionell reinigen lassen und Ihre G\u00fcter mit allen entsprechenden Hygiene Zertifikaten weiter transportieren. Unser professionelles Reinigungsteam wird laufend geschult und steht Ihnen gerne mit Rat und Tat zur Seite. [&hellip;]<\/p>\n","protected":false},"author":2,"featured_media":0,"parent":0,"menu_order":0,"comment_status":"closed","ping_status":"closed","template":"","meta":{"_et_pb_use_builder":"on","_et_pb_old_content":"","_et_gb_content_width":"","spay_email":""},"jetpack_sharing_enabled":true,"jetpack_shortlink":"https:\/\/wp.me\/PacZdf-ua","jetpack-related-posts":[{"id":1577,"url":"https:\/\/lbk-logistik.com\/","url_meta":{"origin":1870,"position":0},"title":"LBK Logistik","date":"August 27, 2018","format":false,"excerpt":"","rel":"","context":"\u00c4hnlicher Beitrag","img":{"alt_text":"","src":"","width":0,"height":0},"classes":[]},{"id":1877,"url":"https:\/\/lbk-logistik.com\/index.php\/lbk-logistik-kontakt\/","url_meta":{"origin":1870,"position":1},"title":"LBK Logistik - Kontakt","date":"August 27, 2018","format":false,"excerpt":"","rel":"","context":"\u00c4hnlicher Beitrag","img":{"alt_text":"","src":"","width":0,"height":0},"classes":[]},{"id":1851,"url":"https:\/\/lbk-logistik.com\/index.php\/lbk-logistik-europaweiter-transport\/","url_meta":{"origin":1870,"position":2},"title":"LBK Logistik - Europaweiter Transport","date":"August 27, 2018","format":false,"excerpt":"","rel":"","context":"\u00c4hnlicher Beitrag","img":{"alt_text":"","src":"","width":0,"height":0},"classes":[]},{"id":1836,"url":"https:\/\/lbk-logistik.com\/index.php\/lbk-logistik-fluessige-lebensmittel\/","url_meta":{"origin":1870,"position":3},"title":"LBK Logistik - Fl\u00fcssige Lebensmittel","date":"August 27, 2018","format":false,"excerpt":"","rel":"","context":"\u00c4hnlicher Beitrag","img":{"alt_text":"","src":"","width":0,"height":0},"classes":[]},{"id":1823,"url":"https:\/\/lbk-logistik.com\/index.php\/lbk-logistik-das-unternehmen\/","url_meta":{"origin":1870,"position":4},"title":"LBK Logistik - Das Unternehmen","date":"August 27, 2018","format":false,"excerpt":"","rel":"","context":"\u00c4hnlicher Beitrag","img":{"alt_text":"","src":"","width":0,"height":0},"classes":[]},{"id":1862,"url":"https:\/\/lbk-logistik.com\/index.php\/lbk-logistik-der-fuhrpark\/","url_meta":{"origin":1870,"position":5},"title":"LBK Logistik - Der Fuhrpark","date":"August 27, 2018","format":false,"excerpt":"","rel":"","context":"\u00c4hnlicher Beitrag","img":{"alt_text":"","src":"","width":0,"height":0},"classes":[]}],"_links":{"self":[{"href":"https:\/\/lbk-logistik.com\/index.php\/wp-json\/wp\/v2\/pages\/1870"}],"collection":[{"href":"https:\/\/lbk-logistik.com\/index.php\/wp-json\/wp\/v2\/pages"}],"about":[{"href":"https:\/\/lbk-logistik.com\/index.php\/wp-json\/wp\/v2\/types\/page"}],"author":[{"embeddable":true,"href":"https:\/\/lbk-logistik.com\/index.php\/wp-json\/wp\/v2\/users\/2"}],"replies":[{"embeddable":true,"href":"https:\/\/lbk-logistik.com\/index.php\/wp-json\/wp\/v2\/comments?post=1870"}],"version-history":[{"count":8,"href":"https:\/\/lbk-logistik.com\/index.php\/wp-json\/wp\/v2\/pages\/1870\/revisions"}],"predecessor-version":[{"id":1966,"href":"https:\/\/lbk-logistik.com\/index.php\/wp-json\/wp\/v2\/pages\/1870\/revisions\/1966"}],"wp:attachment":[{"href":"https:\/\/lbk-logistik.com\/index.php\/wp-json\/wp\/v2\/media?parent=1870"}],"curies":[{"name":"wp","href":"https:\/\/api.w.org\/{rel}","templated":true}]}}